. List the prime factors of g(a).
2, 23
Let p = -314 - -460. Let g = p - 79. What are the prime factors of g?
67
Suppose -a = -3, 4*r + 0*a + 2*a = 118. Let l = 30 - r. Suppose -2*o = o + l*u - 358, 2*o = 4*u + 260. List the prime factors of o.
2, 61
Let n(z) = 14 - 5 + 11 + 3*z + 2*z**2 + 5*z. List the prime factors of n(-14).
2, 3, 5
Let j = 26 - -26. Let u = j - 48. Suppose -174 = -u*g + 398. What are the prime factors of g?
11, 13
Let n(l) = -15*l - 65. Let a be n(-23). Suppose -15*p + 10*p = -a. What are the prime factors of p?
2, 7
Let l(n) = 37*n**2 - 4*n + 3. Suppose 21 = t + 5*q, 12 = t + 3*q - 1. Let v be l(t). List the prime factors of (2/((-6)/59))/((-6)/v).
2, 59
Suppose -397*g + 406*g = 999. What are the prime factors of (g/2 + 3)/(6/132)?
3, 11, 13
Suppose 2*m - 2*x - 48 + 34 = 0, 3*x = -3. Let c(k) = 2*k**3 - 5*k**2 - 26*k + 26. List the prime factors of c(m).
2, 61
Suppose 208 + 198 = -29*f. Let p(l) = l**2 + 5*l - 37. List the prime factors of p(f).
89
Let p(r) = -r + 4*r - r - 7 - 12*r. Let v be p(2). List the prime factors of 162 + (18/v)/(1/6).
2, 79
Suppose -2*r - 5*z = -1, 4*r = 3*z - z + 14. Let y(b) = -4 - 2 + 1102*b**2 + b - 1099*b**2 + b**3. What are the prime factors of y(r)?
3, 17
Let z(g) = -37*g + 31. Let p be z(-5). Suppose -h + p = q + 3*q, -4*q - 240 = -h. Suppose -s - h = -3*s. What are the prime factors of s?
2, 3, 19
Suppose -3*w - 46887 = -3*z, 4*w - 28660 - 33856 = -4*z. List the prime factors of z.
15629
Suppose -10*n + 32 + 688 = 0. Suppose -n*j + 69*j = -4122. List the prime factors of j.
2, 3, 229
Suppose -8 = -7*b + 13. Suppose -b*o + 1017 = 117. Suppose o = 2*m - 66. List the prime factors of m.
3, 61
List the prime factors of 3383 - (-8 + (5 - (-4)/(-1))).
2, 3, 5, 113
Let i(o) = 4*o**2 + 6 + 8*o**2 + o - 6*o**2 - o**3. Let l be i(6). Let p = 44 - l. List the prime factors of p.
2
What are the prime factors of (26118/(-24))/(66/(-176))?
2, 1451
Let z(p) = -1458*p - 72. Suppose 9*k - 10*k = -4, 0 = 4*s - 5*k + 24. What are the prime factors of z(s)?
2, 3, 7, 11
Suppose -8 = 4*h + 5*q, 5*h - 16*q - 31 = -12*q. Suppose 0 = -4*t + 16, -2*t - 2*t + 3568 = h*d. What are the prime factors of d?
2, 37
Let p be (4 + 6)*55/2. Let b be 2 - (-5 - -17)/(-4). Suppose -b*u + p = -400. What are the prime factors of u?
3, 5
Let o(k) = -4*k**2 - 39*k - 61. Let a be o(-21). Let i = -579 - a. What are the prime factors of i?
7, 61
Suppose -10*o + 1200 = -1510. List the prime factors of o.
271
Let k(p) = -21*p + 141. Let u be k(7). List the prime factors of (-1611)/u + -3 - (-2)/(-4).
5, 53
Let p(s) = 177*s**3 + s**2 - s + 1. Let m be p(2). Suppose -7*g = -m - 940. Let u = -216 + g. List the prime factors of u.
11
Let m(i) = -215*i**3 + 13*i**2 + 16*i + 23. What are the prime factors of m(-2)?
41, 43
Let o(m) = -2097*m + 114. What are the prime factors of o(-11)?
3, 7727
Let a = 294 + -328. List the prime factors of (51/a)/(6/(-4268)) - 2.
3, 5, 71
Let z = -146 - -237. Suppose -81 = -5*k + 3*p, 4*k + 3*p - z = -10. Suppose -17*m = -k*m + 80. List the prime factors of m.
2, 5
Let s = 87898 + -60732. What are the prime factors of s?
2, 17, 47
Let w(f) = 16*f**3 - 8*f**2 + 11*f - 89. Let p be w(10). Suppose -12*a + 259 = -p. What are the prime factors of a?
2, 3, 5, 43
Let y = -5474 + 6341. List the prime factors of y.
3, 17
Let x = -21057 + 29626. What are the prime factors of x?
11, 19, 41
Let x = -20249 + 30222. What are the prime factors of x?
9973
Suppose -50 = 35*f - 36*f. Let y be (1 - 0)/((-7)/140). List the prime factors of (-2)/(-4) - f/y.
3
Let b(h) be the third derivative of 7/24*h**4 - 20*h**2 + 0 + h**3 + 1/15*h**5 + 0*h. What are the prime factors of b(6)?
2, 3
Let n(l) = l**2 + 229*l - 362. List the prime factors of n(86).
2, 13, 257
Let o be (-1)/(-1) - (-28)/7. Suppose 43*k - o = 42*k. Suppose n + 4*t = -0*n + 61, -t = -k*n + 305. List the prime factors of n.
61
What are the prime factors of (-15 + 2)/(1*7/(-63*75))?
3, 5, 13
Let f = -211 - -239. What are the prime factors of 2556/28 - 1*8/f?
7, 13
Suppose 30*h - 179298 + 62175 - 105837 = 0. What are the prime factors of h?
2, 929
Let j(m) = 18*m**2 + 238*m + 171. What are the prime factors of j(-35)?
29, 479
Let r = 118 - 137. Let n = r + 22. Suppose -n*q + d + 424 = 0, -q - 2*q = d - 422. List the prime factors of q.
3, 47
What are the prime factors of (-7774 - 2347)/((-1)/(-2)*1*-2)?
29, 349
Let y(f) = 95*f**2 + 132*f + 926. List the prime factors of y(-6).
2, 1777
Let u(y) = y**2 + 18*y + 18. Let r be u(-17). Let x be 5 + r*2/2*-1. List the prime factors of ((-39)/36 - 1/x)*-192.
2
Let o = -228 + 539. What are the prime factors of o?
311
Let f(i) be the third derivative of i**5/20 + 61*i**4/24 + 12*i**3 - 3*i**2 - 29. List the prime factors of f(-26).
2, 257
Let g(q) = 72*q**2 + 160*q - 31. List the prime factors of g(-9).
7, 89
Suppose 5*y = o + 26, -2*y - 29 + 41 = -2*o. Suppose -2*n + 1531 = -5*a, 4*n - y*a - 205 - 2872 = 0. List the prime factors of n.
773
Let r be ((-2)/(-5))/(1/(-5)). Let q(x) be the first derivative of -51*x**2/2 + 2*x + 236. List the prime factors of q(r).
2, 13
Let x(d) = d**2 - 9*d - 13. Let i = -54 + 64. Let n be x(i). List the prime factors of 7/((-2)/((-60)/(-2))*n).
5, 7
Let l(s) = 3*s - 18. Let y be l(7). Let a(z) = z**2 - 7*z + 32. List the prime factors of a(y).
2, 5
Suppose -4481 = -55*y + 9984. Let p = 1380 + y. List the prime factors of p.
31, 53
Let t be (-6 + 1)*1513/(-17). Suppose -3*p = 2*p + t. Let s = p + 255. List the prime factors of s.
2, 83
Suppose -p + k - 132 = 0, -k + 7 = 2. Let d = p - -216. What are the prime factors of d?
89
Suppose -477 = -2*v - 3*t - 134, v - 4*t - 199 = 0. Suppose 4*w - 5*a - 1413 = 0, -w + 171 + v = 2*a. List the prime factors of w.
2, 11
What are the prime factors of 1/(16/(1293920/2))?
5, 8087
Let c = 307 - 304. Suppose 0*d - i = -c*d + 1869, -5*d + 5*i = -3115. List the prime factors of d.
7, 89
Suppose -94*x - 75064 = -4*q - 98*x, 4*x = 4. What are the prime factors of q?
3, 5, 139
Suppose -4*o + 51 = -3*m, m - 2*o + 19 = -0*m. Let u(n) = n**2 + n + 24. Let c be u(-8). Let d = c - m. List the prime factors of d.
3, 31
Let w = -17241 + 37686. What are the prime factors of w?
3, 5, 29, 47
Suppose -28115 - 529 = -12*b. Suppose -2*l - b = -5*y, -5*y + 4*l = 136 - 2525. List the prime factors of y.
3, 53
Let l be ((-48)/(-20))/4 - (-4)/10. Let j be 5 - l - (15 + -13). Suppose 60 = 3*y - 2*a - a, -103 = -5*y + j*a. What are the prime factors of y?
3, 7
Let b = -61 + -25. Suppose 3*a - 148 = d, -6*a + 5*a = -5*d - 712. Let y = b - d. What are the prime factors of y?
2, 7
Let t = 14379 - -903. What are the prime factors of t?
2, 3, 283
Let k = -121 - -111. Let n(s) = s**3 + 11*s**2 + 12*s + 23. Let q be n(k). Let f = 27 - q. What are the prime factors of f?
2, 3
Let b be ((-8)/(-16))/(2/20). Suppose 0 = b*u - 20, 4*z - 2*u + 1 = -11. What are the prime factors of -3 + (-158)/z - -3?
2, 79
Let r = -22245 - -38734. What are the prime factors of r?
11, 1499
Let k = 304 + -301. Suppose k*a + 3*x = 1065, -a + 136 = -5*x - 213. List the prime factors of a.
2, 3, 59
Suppose 25*v = -199*v + 3397582 + 3761010. List the prime factors of v.
2, 19, 29
Suppose -2*q - 2*x = -38288, -1 = -2*x + 3*x. List the prime factors of q.
5, 7, 547
Let f(c) = 805*c + 604. List the prime factors of f(3).
3019
Suppose 4*z + 225863 = 4*t + 63291, 0 = -5*t - 4*z + 203188. What are the prime factors of t?
2, 5, 127
Suppose -5*f + 14067 = -5*y + 657, -10728 = -4*f - 5*y. List the prime factors of f.
2, 3, 149
Suppose -105*z = -109*z - 196. Let t = z + 199. What are the prime factors of t?
2, 3, 5
Suppose -2*n + 3406 = 94. Suppose 11*j - n = -13*j. What are the prime factors of j?
3, 23
List the prime factors of (-59256)/(-18)*14/8.
7, 823
Let u = 236 - 257. What are the prime factors of (18/u*9)/(2/(-70))?
2, 3, 5
Suppose -3*z = z + 3*n - 10, -z - 3*n - 2 = 0. Let d be 3 - (-329)/21*3. Suppose -398 = -z*w + d. What are the prime factors of w?
2, 7
Let k(o) = o + 15. Let m(u) = 3*u + 44. Let i(l) = 11*k(l) - 4*m(l). Let r be i(-7). List the prime factors of r - 62*9/(-6).
89
Suppose 4*m = f + 49054, -5*m = 4*f - 19032 - 42296. Suppose -7*n + m = n. Suppose 0 = 6*z + 219 - n. List the prime factors of z.
3, 73